 + 1. Let q be i(1). Suppose h*p - 504 - 239 = q*d, d = -4*p + 739. Is p composite?
True
Suppose c + 3*r = 788, 3*c + 3*r = -1074 + 3456. Is c a prime number?
True
Let z = 4 - 6. Let k be 1*(z/(-2) + -2). Is (-2 - k)/(3/(-141)) a prime number?
True
Suppose -b - p + 2165 = -3*p, -5*p = -2*b + 4335. Is b a composite number?
True
Let j be 4*2*(-6)/8. Let q be (-3 - -6)*(-4)/j. Suppose -13 = q*w - 43. Is w a prime number?
False
Suppose -12 = -5*z + 8. Suppose 128 = 4*q + z*u, 5*u - 1 + 6 = 0. Is q a prime number?
False
Let g(w) = -59*w + 12. Is g(-19) a prime number?
False
Suppose 417 = 4*z - 211. Is z composite?
False
Suppose 27 = 4*j - 21. Suppose -3*x = j, -a + 4 = 5*x + 2. Suppose 20 = 2*f + 2*m, -2*m - m - a = -f. Is f prime?
True
Is -6 + (1820 - 3/(-1)) prime?
False
Suppose 5*s + 0*s + 2*a + 104 = 0, -4*s + 4*a = 100. Let v be 1/2*s/(-1). Let b = 4 + v. Is b composite?
True
Suppose 0 = 2*f - 10*f + 2440. Is f a composite number?
True
Let c(l) = l**3 + 7*l**2 + 5*l - 6. Let y be c(-6). Is 8 - (-3)/(y + 3) prime?
False
Let q be (136/5)/((-2)/(-15)). Let s = -45 + q. Is s composite?
True
Is (1 - -1) + 16 + 59 composite?
True
Suppose -372 = -3*z + 570. Is z prime?
False
Let j(f) = 67*f**2 - 7*f + 5. Is j(2) a prime number?
False
Let r be 12/5 - (-4)/(-10). Let j(s) be the third derivative of -s**6/120 + s**5/30 + s**4/24 + s**3/6 - s**2. Is j(r) prime?
True
Let u(q) = 2*q**3 - q - q**3 + 1 - q**2 + 4*q**2. Let g be u(-3). Suppose 0 = -2*a + g*a - 28. Is a a prime number?
False
Suppose -4*g + 3*r = -2344, 0*r - 586 = -g + 2*r. Is g composite?
True
Let m(k) = k + 10. Suppose -24 = -5*q - 2*n, 2*n + 0*n = -2*q + 6. Suppose 4*c + 3*y = -q, 4*c - 5 = 4*y + 3. Is m(c) a prime number?
False
Let i be (187/(-4) - -2)*-4. Suppose 6*r = 5*r + i. Is r a composite number?
False
Is ((-254)/(-8))/((-19)/(-76)) a prime number?
True
Suppose 2*h - 5*c = -3*h + 3495, -2*c = -3*h + 2099. Is h a composite number?
False
Let i(m) = 37*m**2. Is i(1) composite?
False
Let u = -3 - 1. Let v(q) = -8*q - 4. Let j be v(u). Suppose 9 + j = x. Is x a composite number?
False
Let t(i) = 37*i**2 - 5*i - 1. Is t(3) composite?
False
Let y(r) = -2*r + 10 + r - 2*r + 4*r. Is y(0) a composite number?
True
Suppose 0*k - 4144 = 4*k. Is k/(-8)*(-8)/(-4) a prime number?
False
Is 12189/7 - (1 - (-30)/(-42)) a prime number?
True
Let c = -84 - -20. Let y = c + 179. Is y a prime number?
False
Let j = -12 + 14. Suppose -4*u = -j*n - 1100, 0 = -u - 3*u - 5*n + 1086. Is u a prime number?
False
Suppose -2237 = -a - 0*a - 2*v, -a - 4*v + 2243 = 0. Is a a composite number?
True
Suppose 2*j + 4*v - 190 = 0, 3*v + 161 = 2*j - 36. Let x = -64 + j. Is x a composite number?
True
Suppose 0*z + 1 = 2*z - g, -3*z + 4*g + 4 = 0. Suppose 3*h + 2*n - 18 = z, 2*n + n = -4*h + 25. Suppose 3*q - 183 = -q + b, -h*q - b + 193 = 0. Is q composite?
False
Let o = -5 - -6. Let f(s) = 5*s**2 - 2*s + 1. Let m be f(o). Suppose -n + 7 = -m. Is n prime?
True
Suppose 4*p - 4 - 8 = 0. Suppose -j = -4*d - 26, -135 - 110 = -5*j - p*d. Is j composite?
True
Let t(k) = k**3 - 5*k**2 + 4*k - 2. Let f be t(4). Let r = 2 + f. Let c(w) = -w**3 - w**2 + 23. Is c(r) a prime number?
True
Suppose 0 = 3*j + z - 11, 0*z - 15 = -5*j - z. Suppose -x + 38 = 3*u - u, -j*x + 13 = u. Is u prime?
False
Let a be 0 - -6 - (2 - 2). Suppose a*r = 3*r + 633. Is r prime?
True
Let n = -1418 - -2667. Is n a composite number?
False
Suppose 2*v - 4 + 0 = -4*m, 0 = -3*m - 2*v + 3. Let r be 0/1*(2 - m). Suppose 3*x + r*x = 69. Is x a composite number?
False
Let j = 21 - 18. Let l be 0/((0 - 1)*1). Suppose l = j*c - 69. Is c a prime number?
True
Let f be 1/((6 - 3)/21). Let r(y) = -y**2 - 5*y + 10. Let u be r(f). Is (u/4)/(3/(-6)) composite?
False
Suppose -d - r = -0*d - 1974, -d + 1971 = -2*r. Is d a prime number?
True
Suppose -h = -4*u - 16, u = -h - 4*h - 4. Is (8 - 3) + u + 18 composite?
False
Let r be (1*-7)/(2/(-10)). Suppose -3*g - 85 - 83 = 0. Let a = r - g. Is a a composite number?
True
Let n = 1 + -4. Let v(f) = 3*f**2 + f - 4. Let c be v(n). Is c*(1 + 13/4) a prime number?
False
Let x(r) = -4*r**3 - 34*r**2 - 9*r + 4. Is x(-11) composite?
True
Let t(x) = -x**3 + 14*x**2 - 11*x + 1. Let m be t(13). Suppose 0 = -r + m + 28. Is r composite?
True
Let m be ((-22)/(-1))/(1/(-1)). Let y = m + 113. Is y a composite number?
True
Let y(s) = 27*s**3 - s**2 + 2*s - 1. Let z be y(-3). Suppose 5*l + 4*o = -2452, 5*l - 2*o = -0*o - 2464. Let d = l - z. Is d prime?
False
Let b be 3*2 + 2 + -4. Let q = 6 - b. Suppose q*u + 3*n = 97, -6*u + n + 268 = -u. Is u prime?
True
Suppose -3*d - 23 + 629 = 0. Is d composite?
True
Suppose -3*j = 4*c - 1670, j = c + 30 - 451. Let s = 750 - c. Is s a prime number?
True
Let l(u) be the second derivative of u**4/6 - 2*u**3/3 + u**2 - 5*u. Let c be l(2). Suppose c*o + 4*h + 0*h = 90, -h = 4. Is o prime?
True
Let r(o) = -3*o**3 - 7*o**2 - 6*o + 5. Let w(l) = -6 - l + 5*l**2 + 3*l**2 + 8*l + 2*l**3. Let x(k) = 6*r(k) + 5*w(k). Is x(-1) a composite number?
False
Is (-4 - (-5 + -630))/1 prime?
True
Let m = -20 + 62. Let x = m + -20. Suppose 0 = i + x - 89. Is i a composite number?
False
Suppose -4*d - 3*i = -139, 3*d + 2*d - i = 188. Is d a prime number?
True
Suppose -2*v + 10 = 2. Suppose 0 = -2*z - 4*a + 6 + v, 6 = 2*z + 2*a. Is 17 + -1 + 2 + z prime?
True
Suppose -2*c = -55 - 11. Is c prime?
False
Let h = -2 + 67. Is h a composite number?
True
Let k be -3*41*(-8)/12. Let y = k - 45. Is y a prime number?
True
Suppose 0 = -3*g + 2*o + 16, 2*g + 5*o + 17 = -2*g. Let q(d) = 133*d + 3. Is q(g) composite?
False
Let h be (0 - 8)*(-1)/2. Suppose h*d = 158 + 30. Is d prime?
True
Suppose -2*s + s = 2*v - 253, 4*v = -3*s + 757. Is s prime?
True
Suppose 10*o - 34266 = 4*o. Is o composite?
False
Suppose -62*a + 11612 = -58*a. Is a composite?
False
Suppose -3*j = -284 - 199. Is j a composite number?
True
Suppose -j + 5 = -2. Is (-6)/21 + 1479/j a prime number?
True
Let o be (3/6)/((-4)/32). Let j = 2 - o. Is j a composite number?
True
Let v be 3 + -1 - 4 - -270. Suppose -3*g = g - v. Is g prime?
True
Let x(a) be the third derivative of a**6/120 + a**5/30 - a**4/8 + a**3/2 + a**2. Is x(3) a composite number?
True
Let v be (6/3 + -2)/(-2). Suppose -d + 94 = -5*n + 388, -3*n - 2*d + 166 = v. Is n a prime number?
False
Let t = 294 + -71. Is t a prime number?
True
Suppose 2*c - 42 = -4*u, -2*c = 2*u + 3*u - 38. Suppose b = -2*a + c, -b - 3*a = 2*b - 72. Is b prime?
True
Suppose 2*r = -3*r + 2335. Is r a composite number?
False
Suppose 3*i = -0*r + 3*r - 156, -i + 4 = 0. Suppose 0 = z - 1 - 2, z = 4*h - 13. Suppose 84 = h*k - r. Is k composite?
True
Let j be 18/9 + 13*1. Is (-318)/(-4)*10/j composite?
False
Let n = 126 + -89. Is n prime?
True
Suppose 32*s = 28*s + 2204. Is s a prime number?
False
Suppose -w + 3*w - 6 = 0. Suppose 3*t = -5*j + 357, -2*t = w*j - 3*t - 203. Is j composite?
True
Suppose 0 = -0*s - 5*s - 3*y + 24, -22 = -5*s - 4*y. Suppose -385 = z - s*z. Is z a composite number?
True
Let u be -192 + (-1)/(-4)*4. Let g = 26 - u. Is g a prime number?
False
Suppose 0 = 2*w - w - 286. Let b = -70 + 499. Let z = b - w. Is z a composite number?
True
Let j(h) = -5*h**2 - 4*h - 3. Let m be j(-4). Let g = -5 - m. Let n = g - -15. Is n a composite number?
True
Suppose 1 - 10 = 3*a. Let i be 2 + (-1 - (-1 - a)). Is 46 - (-1 + (-1 - i)) a composite number?
False
Let i be (8 - 6)*(-1)/2. Let c be 0 + (-1)/(1/i). Is c - (-42 + -3 - 0) a composite number?
True
Suppose l = 5*p - 346, 2*p + l - 215 = -78. Let w = p - -58. Is w a prime number?
True
Suppose x + 201 = 2*x - 2*a, 4*x = -a + 849. Is x a prime number?
True
Let s(h) = -77*h**3 - 5*h**2 - 6*h + 1. Is s(-3) a prime number?
True
Let c(g) = -g + 79. Let z be c(0). Suppose d = -4*l + z, -161 = -2*d - 4*l + 1. Is d a composite number?
False
Suppose 2501 = -4*l + 365. Let c = l - -769. Suppose -7*y = -2*y - c. Is y prime?
True
Suppose 3*a - 2 - 19 = 3*k, -4*a + 23 = -3*k. Let f(r) = 2*r**2 - 3*r - 3. Is f(k) prime?
False
Suppose 9 = -j + 11. Suppose -j*h + h + 269 = 0. Is h a prime number?
True
Let r = -281 + 491. Let x = 303 - r. Is x prime?
False
Suppose 3*s - 200 = -5*p + 2*s, 2*s = 10. Suppose -256 - p = -5*a. Is a prime?
True
Is ((-12)/(-10))/((-2)/(-235)) a prime number?
False
Let q be 2/((-6